Calculate b(r).
8
Let h(y) = 2*y**2 - 5*y + 2. Let l(i) = -i**2 + 5*i - 2. Let u(c) = 2*h(c) + 3*l(c). What is u(-4)?
-6
Let p(i) = -i + 1. Let h(z) = -7*z + 1. Let v(x) = h(x) - 6*p(x). Give v(-3).
-2
Suppose 0 = 9*s - 10 - 26. Let c(w) = -w**2 + 5*w. What is c(s)?
4
Let k be ((-14)/(-4) + -3)*-6. Let b(i) = 3*i**2 + 5*i + 3. Determine b(k).
15
Let t(i) be the third derivative of -i**5/60 - i**4/3 - i**3/3 - i**2. Let o = -176 - -173. Calculate t(o).
13
Let c(k) = k + 2. Let y be (-2)/(-6) + 64/24. What is c(y)?
5
Let v = 89 - 88. Let b(m) = -22*m**2 + 1. What is b(v)?
-21
Let i(a) = a - 7. Let b(t) = -2*t + 20. Let j(f) = 4*b(f) + 11*i(f). Calculate j(-5).
-12
Let h(k) = k + 7. Let v(o) = o**2 - 3*o + 2. Let z be v(2). What is h(z)?
7
Let p = 1 - 0. Let m be (6/(-15))/(p/15). Let g(d) = d**3 + 7*d**2 + 7*d + 2. Determine g(m).
-4
Suppose 0*i = -4*i + 24. Let n(k) be the third derivative of 1/60*k**i + 1/15*k**5 + 0*k + 1/3*k**3 + 0 + 1/8*k**4 - 2*k**2. What is n(-2)?
-4
Let m(b) be the first derivative of b**2/2 - 7*b + 4. Determine m(3).
-4
Let l(s) = -s**3 + s + 1. Let g(r) = -r**2 - 9*r + 22. Let y be g(-11). Give l(y).
1
Let t(l) be the first derivative of l**3/6 - l**2/2 - l + 1. Let o(w) be the first derivative of t(w). Let d = 62 - 66. Determine o(d).
-5
Let t(x) = -x**2 - 4*x - 1. Let j be (-6)/(-6)*(-6 + 1). Give t(j).
-6
Suppose -5*m - 15 = 0, -5*t + 2*m = -t - 22. Let y(o) = o - 2*o + t + 5*o. Determine y(-3).
-8
Let b be (-2)/(56/21 + -1 + -1). Let g(d) = -5*d**3 + 0*d**2 - 2 - 5*d**2 - 4*d + 4*d**3. Determine g(b).
-8
Let h(i) = -i. Let m = 56 - 54. Calculate h(m).
-2
Let m(d) = d**2 - 10*d + 8. Let b be m(9). Let a(t) = -8*t - 1. Give a(b).
7
Let o(k) = -3*k**2 + 2*k + 0*k**2 - 6 + 4*k**2. Let f be o(-5). Let y(b) = b**3 - 9*b**2 - 2*b + 12. Let j be y(f). Let g(a) = -2*a - 6. Determine g(j).
6
Let c(t) = -t + 2. Let z(b) be the third derivative of b**4/24 - 11*b**3/6 + 8*b**2. Let j be z(6). Calculate c(j).
7
Let r(h) = 6*h**2 - 9*h + 1. Let x(m) = -5*m**2 + 8*m - 1. Suppose 0 = 5*p + 2*a + 24, -5*p + 4 - 37 = -a. Let c(j) = p*r(j) - 7*x(j). Give c(-4).
-7
Let d(r) = -r**2 + 6*r + 6. Let h be d(5). Suppose -5*q + 1 - h = 0. Let f(y) = 2 - y**2 - 4*y + 0 + 3*y - 1. Determine f(q).
-1
Let a(g) = 3 - 3*g - 13 + 9. Determine a(-2).
5
Suppose 2*w = 5*a + 6, -5*a + 3*w + 0*w - 9 = 0. Let g(d) = -d - d**2 + a*d**2 - 3*d**2. What is g(1)?
-5
Suppose 2*m + 13 = 3*a, 4*a - 10 = 2*a + 2*m. Let j = 25 + -3. Let y(z) = 5*z - 6. Let f(h) = h - 1. Let d(g) = j*f(g) - 4*y(g). Determine d(a).
8
Let h(q) = -q + 3. Let o be h(5). Let u be 5 + 0 + o - 0. Suppose 4 - 10 = u*x. Let t(r) = -r**3 - 2*r**2 - r. Determine t(x).
2
Let b = 17 - 11. Let y(z) be the first derivative of z**3/3 - 3*z**2 + 5*z + 4. Determine y(b).
5
Let u(i) = i**2 - 2*i - 2. Let d be (-6)/(-4)*6/3. Suppose 6 = -4*m - 14. Let k = m + d. Calculate u(k).
6
Let x(f) = 3*f - 1. Let a(z) be the second derivative of z**3/6 + 2*z**2 + 2*z. Let l be a(4). Let s be l/(-2) - 2/(-1). Give x(s).
-7
Let f(c) = -44*c + 92*c - c**2 - 44*c. Give f(3).
3
Suppose 5*z - 2*z - 6 = 0. Let h(i) = -1 + 3*i**2 + 2 + z*i**3 - i**3 + 1. Calculate h(-3).
2
Let c(d) = -d**3 + 7*d**2 - 7*d + 2. Let l = -23 + 29. Give c(l).
-4
Suppose -7*z + 27 = 6. Let v(l) be the first derivative of 5/2*l**2 + 1 - 1/4*l**4 - l**z + 4*l. What is v(-4)?
0
Let d(m) = -3*m + 3. Let y(u) = 1. Let h(w) = d(w) + 4*y(w). Determine h(5).
-8
Let g(w) be the second derivative of 0 + 4*w**2 + 7/6*w**3 - 5/12*w**4 - 5*w - 1/20*w**5. Determine g(-6).
2
Let n(q) = q**3 - 4*q**2 - 4*q - 3. Let s be (-4)/14 + (-108)/14. Let y = 32 - 19. Let a = y + s. What is n(a)?
2
Suppose -3*z + 13 + 11 = 0. Let o(x) = -2*x**2 - 2*x - 2*x**2 + z + x**3 - 4*x**2 + 8*x. Let b be o(7). Let c(y) = 6*y**2 - y + 1. Determine c(b).
6
Let x(a) be the second derivative of a**6/720 - 13*a**5/120 + a**4/6 - a. Let i(s) be the third derivative of x(s). Determine i(6).
-7
Let c(p) = -p + p**3 - 6 + 6 + 0*p**3 - 1. Calculate c(-1).
-1
Let v(t) = -562*t + 284*t - 9 - 3*t**2 + 283*t + 4*t**2. Give v(-8).
15
Suppose u = -1 + 6. Suppose u*t - 31 = -3*i, -4*i - 4*t + 0 = -28. Let k(f) = 0*f + 2 - i*f - 2*f. What is k(2)?
-6
Let h(a) = -8*a**2 - 3*a - 11. Let w(l) = 3*l**2 + l + 4. Let d(t) = -4*h(t) - 11*w(t). Give d(-3).
-12
Let w be 42/(-5) - (-4)/10. Let i = -5 - w. Let n(k) = 4*k**2 - 3*k + 6. Let b(v) = v**2 + 1. Let t(r) = -3*b(r) + n(r). What is t(i)?
3
Let u be (-8)/(-20) - 66/(-10). Suppose -2*y = -2*n, -5*n + u = 2*y + 28. Let a(d) = -d**3 - 3*d**2 + 3*d + 4. Give a(y).
-5
Let a be 1/(-6) - 146/(-12). Let q(j) = 3*j - 11*j**2 - 1 - 2 + a*j**2. Suppose 3*l = 7*l + 16. Determine q(l).
1
Let b(l) be the second derivative of -l**3/3 + 3*l**2/2 + 6*l. What is b(7)?
-11
Let r be (-19 - -16) + 1*5. Let t be r/(-3)*30/(-5). Let j(k) = -k + 1. Calculate j(t).
-3
Suppose 0*r - 4 = 2*r. Let h(s) = -4*s - 6. Let n(l) = 4*l + 7. Let t(w) = -6*h(w) - 5*n(w). Give t(r).
-7
Let x(s) = -6*s + 6 - 5 + 9*s**2 - 8*s**2. Determine x(6).
1
Let u(b) be the third derivative of -3*b**2 + 0*b + 1/12*b**4 - 1/2*b**3 + 0. What is u(4)?
5
Let h(v) = v**3 + 5*v**2 - 7*v - 7. Let a = 3 - 1. Suppose -4*s + 12 = -4*n, -3*n - 4*s - 24 = -a*s. Let z be h(n). Let j(q) = 3*q**3 - q**2. What is j(z)?
-4
Let o(l) = -3*l - l + 2*l + 6*l. Determine o(1).
4
Let c(b) = -2*b**2 + 6*b - 2. Suppose 0 = -8*q + 8 + 8. Suppose k = -5*a - 2, -2*a - 2*a = -3*k + 13. Let d be (-9 - a)*(-1)/q. Determine c(d).
-10
Let v be (-4)/14 - (-38)/(-14). Let n = v - -5. Let x(s) = 7*s - 9*s**2 - 3*s - 3 + 7*s**2. Calculate x(n).
-3
Let k(u) = -10*u**2 + 15*u. Let y(x) = -3*x**2 + 5*x. Let o be -2 + 3 - (1 + 1). Let n(l) = l**2 - l. Let r be n(o). Let g(p) = r*k(p) - 7*y(p). Determine g(4).
-4
Let z(u) be the second derivative of -u**5/12 - u**4/24 - u**3/6 - 5*u**2/2 - u. Let w(c) be the first derivative of z(c). Give w(-1).
-5
Let x(q) be the third derivative of q**7/840 - q**6/72 + q**5/40 - q**4/6 - q**3/6 + 2*q**2. Let r(m) be the first derivative of x(m). Give r(5).
11
Let t(k) = 5*k**3 + 9*k**2 - 7*k + 9. Let p(g) = -3*g**3 - 5*g**2 + 4*g - 5. Let b(v) = 7*p(v) + 4*t(v). Give b(0).
1
Let i(u) = -3*u + 26. Let g(k) = k - 12. Let n(j) = 5*g(j) + 2*i(j). Calculate n(-8).
0
Let b(c) = -c**3 - c. Let f(x) = 3*x**3 + 5*x**2 + 11*x - 8. Let o(i) = -4*b(i) - f(i). Let a be o(6). Let y(j) = -2*j**3 + j**2 + 2*j + 1. What is y(a)?
-7
Let c = -10 + 13. Suppose 2*s + c*a - 11 = 0, 3*a - 15 = -0*a. Let j(i) = -2*i + 1. Give j(s).
5
Let b(f) = -f - 4. Let k be ((-1)/3)/(1/(-12)). What is b(k)?
-8
Let o(y) = -1 - 4*y + 0*y + 3*y - 5*y. Let v be (2 - -1)/3 + 7. Let c(l) = l**2 - 7*l - 7. Let q be c(v). Calculate o(q).
-7
Let t(i) = 3*i**2 + 2. Let g(d) = d**2 - d - 1. Let a(k) = -g(k) - t(k). Suppose -6*u + u + 13 = 4*h, 5*u - h - 3 = 0. Give a(u).
-4
Let m(r) be the first derivative of r**4/12 + r**3/2 - r**2 + 6*r - 8. Let f(j) be the first derivative of m(j). What is f(-4)?
2
Let o(c) be the third derivative of c**5/60 + 5*c**4/24 + c**3/6 - 2*c**2. Let p be o(-5). Let d(s) = -s**2 - 2*s**3 + s - 3*s**3 + 0*s**2. Calculate d(p).
-5
Let c(m) = -m**3 - m**2 + 3*m + 1. Let i(n) = -3*n - 14. Let y be i(-4). Give c(y).
-1
Let t(k) = 24*k - 13. Let j(n) = -6*n + 3. Let p(w) = 9*j(w) + 2*t(w). Suppose 8*d + 4 = 4*d. Determine p(d).
7
Let p(c) = -c - 1. Suppose -a - 4 = -3*a. Let w(d) = -1 - 9*d + 2*d + d**a + 2. Let m be w(7). What is p(m)?
-2
Let j(k) be the third derivative of 0*k + 5/6*k**3 + 0 + k**2 - 1/12*k**4. Let m be j(5). Let v(s) = -s**2 - 5*s + 3. Give v(m).
3
Let f(l) = -12 - 3*l - 7*l + 10*l - l. What is f(-7)?
-5
Let s(v) be the second derivative of -v**3/6 + v**2 - 7*v. Give s(-2).
4
Let j be 4/((-2)/(-12)*4). Let l = j - 7. Let u(y) = 3*y + 1. Give u(l).
-2
Let y(q) be the second derivative of 2*q + 3/2*q**2 + 1/20*q**5 + 0 + 2/3*q**3 + 1/6*q**4. Let r(d) = -d**3 + 2*d**2 + 3*d - 2. Let i be r(3). Determine y(i).
-5
Let x be (-5)/(-3) - (-7)/21. Suppose 0 = -x*f + 12 - 4. Let m(s) = -s**3 + 3*s**2 + 5*s - 5. Calculate m(f).
-1
Let d be (-3)/9 + (-1)/(-3). Let a(s) = s**2 - s + 10. Give a(d).
10
Let m(g) = -4*g**3 + g - 1. Let z be m(1). Let v(f) = -f**2 - f + 4. Give v(z).
-8
Let j = 4 - 3. Suppose 0*s + j = s. L